{"id":30939,"date":"2023-11-01T15:55:00","date_gmt":"2023-11-01T15:55:00","guid":{"rendered":"http:\/\/shushufindi.gob.ec\/sitio\/?page_id=30939"},"modified":"2023-11-09T21:05:07","modified_gmt":"2023-11-09T21:05:07","slug":"rendicion-de-cuentas-2015","status":"publish","type":"page","link":"https:\/\/shushufindi.gob.ec\/sitio\/rendicion-de-cuentas-2015\/","title":{"rendered":"RENDICI\u00d3N DE CUENTAS 2015"},"content":{"rendered":"<div class=\"wpb-content-wrapper\">[vc_row gap=\u00bb25&#8243; equal_height=\u00bbyes\u00bb woodmart_css_id=\u00bb653f42fe82f62&#8243; responsive_spacing=\u00bbeyJwYXJhbV90eXBlIjoid29vZG1hcnRfcmVzcG9uc2l2ZV9zcGFjaW5nIiwic2VsZWN0b3JfaWQiOiI2NTNmNDJmZTgyZjYyIiwic2hvcnRjb2RlIjoidmNfcm93IiwiZGF0YSI6eyJ0YWJsZXQiOnsicGFkZGluZy1yaWdodCI6IjIlIiwicGFkZGluZy1sZWZ0IjoiMiUifSwibW9iaWxlIjp7InBhZGRpbmctcmlnaHQiOiIxJSIsInBhZGRpbmctbGVmdCI6IjElIn19fQ==\u00bb mobile_bg_img_hidden=\u00bbno\u00bb tablet_bg_img_hidden=\u00bbno\u00bb woodmart_parallax=\u00bb0&#8243; woodmart_gradient_switch=\u00bbno\u00bb woodmart_box_shadow=\u00bbno\u00bb wd_z_index=\u00bbno\u00bb woodmart_disable_overflow=\u00bb0&#8243; row_reverse_mobile=\u00bb0&#8243; row_reverse_tablet=\u00bb0&#8243; css=\u00bb.vc_custom_1698644741739{margin-top: 40px !important;}\u00bb][vc_column width=\u00bb1\/2&#8243; woodmart_css_id=\u00bb654274f51e54f\u00bb parallax_scroll=\u00bbno\u00bb woodmart_sticky_column=\u00bbfalse\u00bb wd_collapsible_content_switcher=\u00bbno\u00bb wd_column_role_offcanvas_desktop=\u00bbno\u00bb wd_column_role_offcanvas_tablet=\u00bbno\u00bb wd_column_role_offcanvas_mobile=\u00bbno\u00bb wd_column_role_content_desktop=\u00bbno\u00bb wd_column_role_content_tablet=\u00bbno\u00bb wd_column_role_content_mobile=\u00bbno\u00bb mobile_bg_img_hidden=\u00bbno\u00bb tablet_bg_img_hidden=\u00bbno\u00bb woodmart_parallax=\u00bb0&#8243; woodmart_box_shadow=\u00bbno\u00bb responsive_spacing=\u00bbeyJwYXJhbV90eXBlIjoid29vZG1hcnRfcmVzcG9uc2l2ZV9zcGFjaW5nIiwic2VsZWN0b3JfaWQiOiI2NTQyNzRmNTFlNTRmIiwic2hvcnRjb2RlIjoidmNfY29sdW1uIiwiZGF0YSI6eyJ0YWJsZXQiOnt9LCJtb2JpbGUiOnt9fX0=\u00bb mobile_reset_margin=\u00bbno\u00bb tablet_reset_margin=\u00bbno\u00bb wd_z_index=\u00bbno\u00bb][vc_single_image image=\u00bb30959&#8243; img_size=\u00bbfull\u00bb alignment=\u00bbcenter\u00bb style=\u00bbvc_box_outline\u00bb parallax_scroll=\u00bbno\u00bb woodmart_inline=\u00bbno\u00bb][\/vc_column][vc_column width=\u00bb1\/2&#8243; css=\u00bb.vc_custom_1698854407791{padding-top: 30px !important;padding-right: 40px !important;padding-bottom: 10px !important;padding-left: 40px !important;}\u00bb woodmart_css_id=\u00bb6542760106461&#8243; parallax_scroll=\u00bbno\u00bb woodmart_sticky_column=\u00bbfalse\u00bb wd_collapsible_content_switcher=\u00bbno\u00bb wd_column_role_offcanvas_desktop=\u00bbno\u00bb wd_column_role_offcanvas_tablet=\u00bbno\u00bb wd_column_role_offcanvas_mobile=\u00bbno\u00bb wd_column_role_content_desktop=\u00bbno\u00bb wd_column_role_content_tablet=\u00bbno\u00bb wd_column_role_content_mobile=\u00bbno\u00bb mobile_bg_img_hidden=\u00bbno\u00bb tablet_bg_img_hidden=\u00bbno\u00bb woodmart_parallax=\u00bb0&#8243; woodmart_box_shadow=\u00bbno\u00bb responsive_spacing=\u00bbeyJwYXJhbV90eXBlIjoid29vZG1hcnRfcmVzcG9uc2l2ZV9zcGFjaW5nIiwic2VsZWN0b3JfaWQiOiI2NTQyNzYwMTA2NDYxIiwic2hvcnRjb2RlIjoidmNfY29sdW1uIiwiZGF0YSI6eyJ0YWJsZXQiOnt9LCJtb2JpbGUiOnt9fX0=\u00bb mobile_reset_margin=\u00bbno\u00bb tablet_reset_margin=\u00bbno\u00bb wd_z_index=\u00bbno\u00bb][vc_column_text woodmart_inline=\u00bbno\u00bb text_larger=\u00bbno\u00bb]\n<div style=\"text-align: justify;\">Se\u00f1ores asamble\u00edstas, se\u00f1ores directores provinciales, se\u00f1ores alcaldes y alcaldesa, autoridades civiles, se\u00f1oras concejalas y concejal (Vicealcalde). Estimadas ciudadanas y ciudadanos de nuestro querido cant\u00f3n Shushufindi.<\/div>\n<div style=\"text-align: justify;\">\u00a0M\u00e1s all\u00e1 de mi obligaci\u00f3n determinada en el art\u00edculo 100, numeral 4 de la Constituci\u00f3n de la Rep\u00fablica del Ecuador, como amigo y ciudadano de este querido cant\u00f3n, me he permitido invitarles para que conozcan las actividades realizadas durante mi gesti\u00f3n en el a\u00f1o 2015, mediante la presente AUDIENCIA P\u00daBLICA DE RENDICI\u00d3N DE CUENTAS hoy lunes 29 de febrero.<\/div>\n<div>\n<p style=\"text-align: justify;\">Los shushufindenses tenemos como caracter\u00edstica, ser gente alegre, amable, luchadora, trabajadora y honesta. Adem\u00e1s\u00a0 somos frontales y muchas veces rebeldes. Pero los m\u00e1s\u00a0 lo m\u00e1s importante es que siempre somos perseverantes en buscar mejores d\u00edas para el cant\u00f3n.<\/p>\n<\/div>\n[\/vc_column_text][\/vc_column][\/vc_row][vc_row gap=\u00bb25&#8243; woodmart_css_id=\u00bb654276469dede\u00bb responsive_spacing=\u00bbeyJwYXJhbV90eXBlIjoid29vZG1hcnRfcmVzcG9uc2l2ZV9zcGFjaW5nIiwic2VsZWN0b3JfaWQiOiI2NTQyNzY0NjlkZWRlIiwic2hvcnRjb2RlIjoidmNfcm93IiwiZGF0YSI6eyJ0YWJsZXQiOnt9LCJtb2JpbGUiOnt9fX0=\u00bb mobile_bg_img_hidden=\u00bbno\u00bb tablet_bg_img_hidden=\u00bbno\u00bb woodmart_parallax=\u00bb0&#8243; woodmart_gradient_switch=\u00bbno\u00bb woodmart_box_shadow=\u00bbno\u00bb wd_z_index=\u00bbno\u00bb woodmart_disable_overflow=\u00bb0&#8243; row_reverse_mobile=\u00bb0&#8243; row_reverse_tablet=\u00bb0&#8243; css=\u00bb.vc_custom_1698854477784{margin-top: 30px !important;}\u00bb][vc_column width=\u00bb1\/2&#8243;][vc_column_text woodmart_inline=\u00bbno\u00bb text_larger=\u00bbno\u00bb]\n<div>\n<p style=\"text-align: justify;\">Por ello en mi administraci\u00f3n municipal nos esforzamos de forma permanente para entregarle a la ciudadan\u00eda bienestar, como es nuestro deber a trav\u00e9s de obras\u00a0 y\u00a0 servicios que exigen las normativas y competencias vigentes.<\/p>\n<p style=\"text-align: justify;\">Varias de estas obras y servicios por diversas razones que no las diremos hoy, ha sido relegadas a lo largo de la historia de Shushufindi, pero yo como Alcalde con mi equipo de trabajo, estoy haciendo las gestiones necesarias para lograr que nuestra gente de Shushufindi pueda lograr es BUEN VIVIR ANHELADO POR TODOS<\/p>\n<p style=\"text-align: justify;\">Por momentos algunos grupos o personas a t\u00edtulo personal, marcados por los intereses econ\u00f3micos y pol\u00edticos quieren entorpecer este proceso de desarrollo que hemos emprendido, estas son aquellas personas que no est\u00e1n comprometidas\u00a0 con el progreso y desarrollo de nuestro pueblos. Sin embargo el respaldo de la ciudadan\u00eda nos llena de optimismo, valor y esperanza, para continuar en este trabajo.<\/p>\n<\/div>\n<div style=\"text-align: justify;\">\n<p>Pero estamos seguros de que la verdad prevalecer\u00e1 y se har\u00e1 justicia, al no permitir que los sue\u00f1os y esperanzas de todos los shushufindenses se trunquen.<\/p>\n<p>Estoy liderando esta administraci\u00f3n municipal para cumplir nuestra palabra, para honrar la esperanza de todo un pueblo, que aspira ser beneficiario del buen vivir para todos y todas.<\/p>\n<p>Aqu\u00ed estamos para construir juntos, hombres y mujeres trabajadores de mi pueblo, ese destino hist\u00f3rico, lleno de paz, prosperidad y mancomunidad que buscamos y nos merecemos. Para ello contamos con el respaldo de la ciudadan\u00eda, que es la mandante.<\/p>\n<p>En nuestra administraci\u00f3n existen grandes problemas, para los cuales les buscamos grandes soluciones, para nosotros son un reto.<\/p>\n<\/div>\n<div style=\"text-align: justify;\">Para la gente, para la ciudadan\u00eda que tiene derecho a ser bien informada, me he permitido preparar el presente informe de mi gesti\u00f3n.<\/div>\n[\/vc_column_text][\/vc_column][vc_column width=\u00bb1\/2&#8243;][vc_column_text woodmart_inline=\u00bbno\u00bb text_larger=\u00bbno\u00bb]\n<div><strong>Fase 0:<\/strong><\/div>\n<ul>\n<li><a href=\"http:\/\/shushufindi.gob.ec\/portal\/wp-content\/uploads\/2016\/01\/DOCUMENTOS.pdf\">Organizaci\u00f3n interna institucional<\/a><\/li>\n<li><a href=\"http:\/\/shushufindi.gob.ec\/portal\/wp-content\/uploads\/2016\/01\/FASES-PP.png\">Cronograma Rendici\u00f3n de Cuentas<\/a><\/li>\n<li><a href=\"http:\/\/shushufindi.gob.ec\/portal\/wp-content\/uploads\/2016\/01\/LISTA-DE-INVITADOS-A-RENDICION-DE-CUENTAS-2015.pdf\">Listado de Invitados<\/a><\/li>\n<li><a href=\"http:\/\/shushufindi.gob.ec\/portal\/wp-content\/uploads\/2016\/01\/Informe-logistico-2015.pdf\">Informe de Log\u00edstica<\/a><\/li>\n<li><a href=\"http:\/\/shushufindi.gob.ec\/portal\/wp-content\/uploads\/2016\/01\/FORMULARIO-JPCCS-ALCALDE-2015.xlsx\">Informe L\u00fadico<\/a><\/li>\n<li><a href=\"http:\/\/shushufindi.gob.ec\/portal\/wp-content\/uploads\/2016\/02\/tarjeta-Alcalde.jpg\">Invitaci\u00f3n Rendici\u00f3n de Cuenta<\/a><\/li>\n<\/ul>\n<div>\u00a0<strong>Fase 1:\u00a0<\/strong><\/div>\n<ul>\n<li><a href=\"http:\/\/shushufindi.gob.ec\/portal\/wp-content\/uploads\/2016\/01\/FORMULARIO-JPCCS-Autoguardado.pdf\">Informe T\u00e9cnico<\/a><\/li>\n<li><a class=\"broken_link\" href=\"http:\/\/shushufindi.gob.ec\/portal\/wp-content\/uploads\/2016\/01\/REGISTRO-ASISTENCIA_0005.pdf\">Invitaci\u00f3n Rendici\u00f3n de Cuentas 2015<\/a><\/li>\n<\/ul>\n<div><strong>Fase 2:<\/strong><\/div>\n<ul>\n<li><a class=\"broken_link\" href=\"http:\/\/shushufindi.gob.ec\/portal\/wp-content\/uploads\/2016\/01\/RC-2015-WEB..pdf\">Presentaci\u00f3n a la ciudadan\u00eda del Informe de rendici\u00f3n de cuentas<\/a><\/li>\n<li><a href=\"http:\/\/shushufindi.gob.ec\/portal\/wp-content\/uploads\/2016\/01\/SUGERENCIAS.pdf\">Aportes de la ciudadan\u00eda<\/a><\/li>\n<\/ul>\n<div><strong>Fase 3:<\/strong><\/div>\n<ul>\n<li><a href=\"http:\/\/shushufindi.gob.ec\/portal\/wp-content\/uploads\/2016\/01\/INFORME-DEL-CONCLUSION-DE-RENDICION-DE-CUENTAS-DEL-2015.pdf\">Informe de Rendici\u00f3n de Cuentas 2015<\/a><\/li>\n<li><a href=\"http:\/\/shushufindi.gob.ec\/portal\/wp-content\/uploads\/2016\/01\/INFORME-DEL-CONCLUSION-DE-RENDICION-DE-CUENTAS-DEL-2015.pdf\">Entrega del Informe al Consejo de Participaci\u00f3n Ciudadana y Control Social.<\/a><\/li>\n<\/ul>\n<div>\n<p><strong>Medios de Verificaci\u00f3n<\/strong><\/p>\n<\/div>\n<ul>\n<li><a href=\"http:\/\/shushufindi.gob.ec\/portal\/wp-content\/uploads\/2016\/01\/certificado.pdf\">Certificado de presentaci\u00f3n del Informe anual cumplimineto Art. 12 LOTAIP a\u00f1o 2015<\/a><\/li>\n<li>Difusi\u00f3n y comunicaci\u00f3n de la gesti\u00f3n institucional.<\/li>\n<li>Ejecuci\u00f3n Presupuestaria.<\/li>\n<li>Planificaci\u00f3n Institucional.<\/li>\n<li><a href=\"http:\/\/shushufindi.gob.ec\/portal\/wp-content\/uploads\/2016\/01\/SUGERENCIAS.pdf\">Aportes de la ciudadan\u00eda<\/a><\/li>\n<li><a href=\"http:\/\/shushufindi.gob.ec\/portal\/wp-content\/uploads\/2016\/01\/Junta-Cantonal-de-la-Ni%C3%B1ez-y-Adolescencia-correspondientes-desde-el-1-de-Enero-hasta-Diciembre-del-2015.pdf\">Rendici\u00f3n de cuentas \u00a0de la Junta Cantonal de la Ni\u00f1ez y Adolescencia 2015<\/a><\/li>\n<\/ul>\n[\/vc_column_text][\/vc_column][\/vc_row][vc_row][vc_column][vc_empty_space height=\u00bb45px\u00bb woodmart_hide_large=\u00bb0&#8243; woodmart_hide_medium=\u00bb0&#8243; woodmart_hide_small=\u00bb0&#8243;][\/vc_column][\/vc_row]\n<\/div>","protected":false},"excerpt":{"rendered":"<p>[vc_row gap=\u00bb25&#8243; equal_height=\u00bbyes\u00bb woodmart_css_id=\u00bb653f42fe82f62&#8243; responsive_spacing=\u00bbeyJwYXJhbV90eXBlIjoid29vZG1hcnRfcmVzcG9uc2l2ZV9zcGFjaW5nIiwic2VsZWN0b3JfaWQiOiI2NTNmNDJmZTgyZjYyIiwic2hvcnRjb2RlIjoidmNfcm93IiwiZGF0YSI6eyJ0YWJsZXQiOnsicGFkZGluZy1yaWdodCI6IjIlIiwicGFkZGluZy1sZWZ0IjoiMiUifSwibW9iaWxlIjp7InBhZGRpbmctcmlnaHQiOiIxJSIsInBhZGRpbmctbGVmdCI6IjElIn19fQ==\u00bb mobile_bg_img_hidden=\u00bbno\u00bb tablet_bg_img_hidden=\u00bbno\u00bb woodmart_parallax=\u00bb0&#8243; woodmart_gradient_switch=\u00bbno\u00bb woodmart_box_shadow=\u00bbno\u00bb wd_z_index=\u00bbno\u00bb woodmart_disable_overflow=\u00bb0&#8243; row_reverse_mobile=\u00bb0&#8243; row_reverse_tablet=\u00bb0&#8243; css=\u00bb.vc_custom_1698644741739{margin-top: 40px !important;}\u00bb][vc_column width=\u00bb1\/2&#8243; woodmart_css_id=\u00bb654274f51e54f\u00bb parallax_scroll=\u00bbno\u00bb<\/p>\n","protected":false},"author":1,"featured_media":0,"parent":0,"menu_order":0,"comment_status":"closed","ping_status":"closed","template":"","meta":{"_monsterinsights_skip_tracking":false,"_monsterinsights_sitenote_active":false,"_monsterinsights_sitenote_note":"","_monsterinsights_sitenote_category":0,"_joinchat":[],"footnotes":""},"class_list":["post-30939","page","type-page","status-publish","hentry"],"yoast_head":"<!-- This site is optimized with the Yoast SEO plugin v25.8 - https:\/\/yoast.com\/wordpress\/plugins\/seo\/ -->\n<title>RENDICI\u00d3N DE CUENTAS 2015 - Municipio del Cant\u00f3n Shushufindi<\/title>\n<meta name=\"robots\" content=\"index, follow, max-snippet:-1, max-image-preview:large, max-video-preview:-1\" \/>\n<link rel=\"canonical\" href=\"https:\/\/shushufindi.gob.ec\/sitio\/rendicion-de-cuentas-2015\/\" \/>\n<meta property=\"og:locale\" content=\"es_ES\" \/>\n<meta property=\"og:type\" content=\"article\" \/>\n<meta property=\"og:title\" content=\"RENDICI\u00d3N DE CUENTAS 2015 - Municipio del Cant\u00f3n Shushufindi\" \/>\n<meta property=\"og:description\" content=\"[vc_row gap=\u00bb25&#8243; equal_height=\u00bbyes\u00bb woodmart_css_id=\u00bb653f42fe82f62&#8243; responsive_spacing=\u00bbeyJwYXJhbV90eXBlIjoid29vZG1hcnRfcmVzcG9uc2l2ZV9zcGFjaW5nIiwic2VsZWN0b3JfaWQiOiI2NTNmNDJmZTgyZjYyIiwic2hvcnRjb2RlIjoidmNfcm93IiwiZGF0YSI6eyJ0YWJsZXQiOnsicGFkZGluZy1yaWdodCI6IjIlIiwicGFkZGluZy1sZWZ0IjoiMiUifSwibW9iaWxlIjp7InBhZGRpbmctcmlnaHQiOiIxJSIsInBhZGRpbmctbGVmdCI6IjElIn19fQ==\u00bb mobile_bg_img_hidden=\u00bbno\u00bb tablet_bg_img_hidden=\u00bbno\u00bb woodmart_parallax=\u00bb0&#8243; woodmart_gradient_switch=\u00bbno\u00bb woodmart_box_shadow=\u00bbno\u00bb wd_z_index=\u00bbno\u00bb woodmart_disable_overflow=\u00bb0&#8243; row_reverse_mobile=\u00bb0&#8243; row_reverse_tablet=\u00bb0&#8243; css=\u00bb.vc_custom_1698644741739{margin-top: 40px !important;}\u00bb][vc_column width=\u00bb1\/2&#8243; woodmart_css_id=\u00bb654274f51e54f\u00bb parallax_scroll=\u00bbno\u00bb\" \/>\n<meta property=\"og:url\" content=\"https:\/\/shushufindi.gob.ec\/sitio\/rendicion-de-cuentas-2015\/\" \/>\n<meta property=\"og:site_name\" content=\"Municipio del Cant\u00f3n Shushufindi\" \/>\n<meta property=\"article:modified_time\" content=\"2023-11-09T21:05:07+00:00\" \/>\n<meta name=\"twitter:card\" content=\"summary_large_image\" \/>\n<meta name=\"twitter:label1\" content=\"Tiempo de lectura\" \/>\n\t<meta name=\"twitter:data1\" content=\"5 minutos\" \/>\n<script type=\"application\/ld+json\" class=\"yoast-schema-graph\">{\"@context\":\"https:\/\/schema.org\",\"@graph\":[{\"@type\":\"WebPage\",\"@id\":\"https:\/\/shushufindi.gob.ec\/sitio\/rendicion-de-cuentas-2015\/\",\"url\":\"https:\/\/shushufindi.gob.ec\/sitio\/rendicion-de-cuentas-2015\/\",\"name\":\"RENDICI\u00d3N DE CUENTAS 2015 - Municipio del Cant\u00f3n Shushufindi\",\"isPartOf\":{\"@id\":\"https:\/\/shushufindi.gob.ec\/sitio\/#website\"},\"datePublished\":\"2023-11-01T15:55:00+00:00\",\"dateModified\":\"2023-11-09T21:05:07+00:00\",\"breadcrumb\":{\"@id\":\"https:\/\/shushufindi.gob.ec\/sitio\/rendicion-de-cuentas-2015\/#breadcrumb\"},\"inLanguage\":\"es\",\"potentialAction\":[{\"@type\":\"ReadAction\",\"target\":[\"https:\/\/shushufindi.gob.ec\/sitio\/rendicion-de-cuentas-2015\/\"]}]},{\"@type\":\"BreadcrumbList\",\"@id\":\"https:\/\/shushufindi.gob.ec\/sitio\/rendicion-de-cuentas-2015\/#breadcrumb\",\"itemListElement\":[{\"@type\":\"ListItem\",\"position\":1,\"name\":\"Portada\",\"item\":\"https:\/\/shushufindi.gob.ec\/sitio\/\"},{\"@type\":\"ListItem\",\"position\":2,\"name\":\"RENDICI\u00d3N DE CUENTAS 2015\"}]},{\"@type\":\"WebSite\",\"@id\":\"https:\/\/shushufindi.gob.ec\/sitio\/#website\",\"url\":\"https:\/\/shushufindi.gob.ec\/sitio\/\",\"name\":\"Municipio del Cant\u00f3n Shushufindi\",\"description\":\"GAD Municipal\",\"publisher\":{\"@id\":\"https:\/\/shushufindi.gob.ec\/sitio\/#organization\"},\"potentialAction\":[{\"@type\":\"SearchAction\",\"target\":{\"@type\":\"EntryPoint\",\"urlTemplate\":\"https:\/\/shushufindi.gob.ec\/sitio\/?s={search_term_string}\"},\"query-input\":{\"@type\":\"PropertyValueSpecification\",\"valueRequired\":true,\"valueName\":\"search_term_string\"}}],\"inLanguage\":\"es\"},{\"@type\":\"Organization\",\"@id\":\"https:\/\/shushufindi.gob.ec\/sitio\/#organization\",\"name\":\"Municipio del Cant\u00f3n Shushufindi\",\"url\":\"https:\/\/shushufindi.gob.ec\/sitio\/\",\"logo\":{\"@type\":\"ImageObject\",\"inLanguage\":\"es\",\"@id\":\"https:\/\/shushufindi.gob.ec\/sitio\/#\/schema\/logo\/image\/\",\"url\":\"http:\/\/shushufindi.gob.ec\/sitio\/wp-content\/uploads\/2023\/10\/favicon.jpg\",\"contentUrl\":\"http:\/\/shushufindi.gob.ec\/sitio\/wp-content\/uploads\/2023\/10\/favicon.jpg\",\"width\":100,\"height\":97,\"caption\":\"Municipio del Cant\u00f3n Shushufindi\"},\"image\":{\"@id\":\"https:\/\/shushufindi.gob.ec\/sitio\/#\/schema\/logo\/image\/\"}}]}<\/script>\n<!-- \/ Yoast SEO plugin. -->","yoast_head_json":{"title":"RENDICI\u00d3N DE CUENTAS 2015 - Municipio del Cant\u00f3n Shushufindi","robots":{"index":"index","follow":"follow","max-snippet":"max-snippet:-1","max-image-preview":"max-image-preview:large","max-video-preview":"max-video-preview:-1"},"canonical":"https:\/\/shushufindi.gob.ec\/sitio\/rendicion-de-cuentas-2015\/","og_locale":"es_ES","og_type":"article","og_title":"RENDICI\u00d3N DE CUENTAS 2015 - Municipio del Cant\u00f3n Shushufindi","og_description":"[vc_row gap=\u00bb25&#8243; equal_height=\u00bbyes\u00bb woodmart_css_id=\u00bb653f42fe82f62&#8243; responsive_spacing=\u00bbeyJwYXJhbV90eXBlIjoid29vZG1hcnRfcmVzcG9uc2l2ZV9zcGFjaW5nIiwic2VsZWN0b3JfaWQiOiI2NTNmNDJmZTgyZjYyIiwic2hvcnRjb2RlIjoidmNfcm93IiwiZGF0YSI6eyJ0YWJsZXQiOnsicGFkZGluZy1yaWdodCI6IjIlIiwicGFkZGluZy1sZWZ0IjoiMiUifSwibW9iaWxlIjp7InBhZGRpbmctcmlnaHQiOiIxJSIsInBhZGRpbmctbGVmdCI6IjElIn19fQ==\u00bb mobile_bg_img_hidden=\u00bbno\u00bb tablet_bg_img_hidden=\u00bbno\u00bb woodmart_parallax=\u00bb0&#8243; woodmart_gradient_switch=\u00bbno\u00bb woodmart_box_shadow=\u00bbno\u00bb wd_z_index=\u00bbno\u00bb woodmart_disable_overflow=\u00bb0&#8243; row_reverse_mobile=\u00bb0&#8243; row_reverse_tablet=\u00bb0&#8243; css=\u00bb.vc_custom_1698644741739{margin-top: 40px !important;}\u00bb][vc_column width=\u00bb1\/2&#8243; woodmart_css_id=\u00bb654274f51e54f\u00bb parallax_scroll=\u00bbno\u00bb","og_url":"https:\/\/shushufindi.gob.ec\/sitio\/rendicion-de-cuentas-2015\/","og_site_name":"Municipio del Cant\u00f3n Shushufindi","article_modified_time":"2023-11-09T21:05:07+00:00","twitter_card":"summary_large_image","twitter_misc":{"Tiempo de lectura":"5 minutos"},"schema":{"@context":"https:\/\/schema.org","@graph":[{"@type":"WebPage","@id":"https:\/\/shushufindi.gob.ec\/sitio\/rendicion-de-cuentas-2015\/","url":"https:\/\/shushufindi.gob.ec\/sitio\/rendicion-de-cuentas-2015\/","name":"RENDICI\u00d3N DE CUENTAS 2015 - Municipio del Cant\u00f3n Shushufindi","isPartOf":{"@id":"https:\/\/shushufindi.gob.ec\/sitio\/#website"},"datePublished":"2023-11-01T15:55:00+00:00","dateModified":"2023-11-09T21:05:07+00:00","breadcrumb":{"@id":"https:\/\/shushufindi.gob.ec\/sitio\/rendicion-de-cuentas-2015\/#breadcrumb"},"inLanguage":"es","potentialAction":[{"@type":"ReadAction","target":["https:\/\/shushufindi.gob.ec\/sitio\/rendicion-de-cuentas-2015\/"]}]},{"@type":"BreadcrumbList","@id":"https:\/\/shushufindi.gob.ec\/sitio\/rendicion-de-cuentas-2015\/#breadcrumb","itemListElement":[{"@type":"ListItem","position":1,"name":"Portada","item":"https:\/\/shushufindi.gob.ec\/sitio\/"},{"@type":"ListItem","position":2,"name":"RENDICI\u00d3N DE CUENTAS 2015"}]},{"@type":"WebSite","@id":"https:\/\/shushufindi.gob.ec\/sitio\/#website","url":"https:\/\/shushufindi.gob.ec\/sitio\/","name":"Municipio del Cant\u00f3n Shushufindi","description":"GAD Municipal","publisher":{"@id":"https:\/\/shushufindi.gob.ec\/sitio\/#organization"},"potentialAction":[{"@type":"SearchAction","target":{"@type":"EntryPoint","urlTemplate":"https:\/\/shushufindi.gob.ec\/sitio\/?s={search_term_string}"},"query-input":{"@type":"PropertyValueSpecification","valueRequired":true,"valueName":"search_term_string"}}],"inLanguage":"es"},{"@type":"Organization","@id":"https:\/\/shushufindi.gob.ec\/sitio\/#organization","name":"Municipio del Cant\u00f3n Shushufindi","url":"https:\/\/shushufindi.gob.ec\/sitio\/","logo":{"@type":"ImageObject","inLanguage":"es","@id":"https:\/\/shushufindi.gob.ec\/sitio\/#\/schema\/logo\/image\/","url":"http:\/\/shushufindi.gob.ec\/sitio\/wp-content\/uploads\/2023\/10\/favicon.jpg","contentUrl":"http:\/\/shushufindi.gob.ec\/sitio\/wp-content\/uploads\/2023\/10\/favicon.jpg","width":100,"height":97,"caption":"Municipio del Cant\u00f3n Shushufindi"},"image":{"@id":"https:\/\/shushufindi.gob.ec\/sitio\/#\/schema\/logo\/image\/"}}]}},"_links":{"self":[{"href":"https:\/\/shushufindi.gob.ec\/sitio\/wp-json\/wp\/v2\/pages\/30939","targetHints":{"allow":["GET"]}}],"collection":[{"href":"https:\/\/shushufindi.gob.ec\/sitio\/wp-json\/wp\/v2\/pages"}],"about":[{"href":"https:\/\/shushufindi.gob.ec\/sitio\/wp-json\/wp\/v2\/types\/page"}],"author":[{"embeddable":true,"href":"https:\/\/shushufindi.gob.ec\/sitio\/wp-json\/wp\/v2\/users\/1"}],"replies":[{"embeddable":true,"href":"https:\/\/shushufindi.gob.ec\/sitio\/wp-json\/wp\/v2\/comments?post=30939"}],"version-history":[{"count":7,"href":"https:\/\/shushufindi.gob.ec\/sitio\/wp-json\/wp\/v2\/pages\/30939\/revisions"}],"predecessor-version":[{"id":30965,"href":"https:\/\/shushufindi.gob.ec\/sitio\/wp-json\/wp\/v2\/pages\/30939\/revisions\/30965"}],"wp:attachment":[{"href":"https:\/\/shushufindi.gob.ec\/sitio\/wp-json\/wp\/v2\/media?parent=30939"}],"curies":[{"name":"wp","href":"https:\/\/api.w.org\/{rel}","templated":true}]}}