{"id":30966,"date":"2023-11-01T16:05:53","date_gmt":"2023-11-01T16:05:53","guid":{"rendered":"http:\/\/shushufindi.gob.ec\/sitio\/?page_id=30966"},"modified":"2025-05-19T19:47:23","modified_gmt":"2025-05-19T19:47:23","slug":"rendicion-de-cuentas-2014","status":"publish","type":"page","link":"https:\/\/shushufindi.gob.ec\/sitio\/__trashed\/rendicion-de-cuentas-2014\/","title":{"rendered":"RENDICI\u00d3N DE CUENTAS 2014"},"content":{"rendered":"<div class=\"wpb-content-wrapper\">[vc_row gap=\u00bb25&#8243; equal_height=\u00bbyes\u00bb woodmart_css_id=\u00bb6542778a12d97&#8243; responsive_spacing=\u00bbeyJwYXJhbV90eXBlIjoid29vZG1hcnRfcmVzcG9uc2l2ZV9zcGFjaW5nIiwic2VsZWN0b3JfaWQiOiI2NTQyNzc4YTEyZDk3Iiwic2hvcnRjb2RlIjoidmNfcm93IiwiZGF0YSI6eyJ0YWJsZXQiOnsicGFkZGluZy1yaWdodCI6IjIlIiwicGFkZGluZy1sZWZ0IjoiMiUifSwibW9iaWxlIjp7InBhZGRpbmctcmlnaHQiOiIxJSIsInBhZGRpbmctbGVmdCI6IjElIn19fQ==\u00bb mobile_bg_img_hidden=\u00bbno\u00bb tablet_bg_img_hidden=\u00bbno\u00bb woodmart_parallax=\u00bb0&#8243; woodmart_gradient_switch=\u00bbno\u00bb woodmart_box_shadow=\u00bbno\u00bb wd_z_index=\u00bbno\u00bb woodmart_disable_overflow=\u00bb0&#8243; row_reverse_mobile=\u00bb0&#8243; row_reverse_tablet=\u00bb0&#8243; css=\u00bb.vc_custom_1698854798401{margin-top: 40px !important;}\u00bb][vc_column width=\u00bb1\/2&#8243; woodmart_css_id=\u00bb65427771c8939&#8243; parallax_scroll=\u00bbno\u00bb woodmart_sticky_column=\u00bbfalse\u00bb wd_collapsible_content_switcher=\u00bbno\u00bb wd_column_role_offcanvas_desktop=\u00bbno\u00bb wd_column_role_offcanvas_tablet=\u00bbno\u00bb wd_column_role_offcanvas_mobile=\u00bbno\u00bb wd_column_role_content_desktop=\u00bbno\u00bb wd_column_role_content_tablet=\u00bbno\u00bb wd_column_role_content_mobile=\u00bbno\u00bb mobile_bg_img_hidden=\u00bbno\u00bb tablet_bg_img_hidden=\u00bbno\u00bb woodmart_parallax=\u00bb0&#8243; woodmart_box_shadow=\u00bbno\u00bb responsive_spacing=\u00bbeyJwYXJhbV90eXBlIjoid29vZG1hcnRfcmVzcG9uc2l2ZV9zcGFjaW5nIiwic2VsZWN0b3JfaWQiOiI2NTQyNzc3MWM4OTM5Iiwic2hvcnRjb2RlIjoidmNfY29sdW1uIiwiZGF0YSI6eyJ0YWJsZXQiOnt9LCJtb2JpbGUiOnt9fX0=\u00bb mobile_reset_margin=\u00bbno\u00bb tablet_reset_margin=\u00bbno\u00bb wd_z_index=\u00bbno\u00bb][vc_column_text woodmart_inline=\u00bbno\u00bb text_larger=\u00bbno\u00bb]\n<p style=\"text-align: justify;\">\u201cSe concibe a la Rendici\u00f3n de Cuentas como un proceso sistem\u00e1tico, deliberado, interactivo y universal, que involucra a autoridades, funcionarias y funcionarios o sus representantes, seg\u00fan sea el caso, que est\u00e9n obligadas u obligados a informar y someterse a evaluaci\u00f3n de la ciudadan\u00eda por las acciones u omisiones en el ejercicio de su gesti\u00f3n y en la administraci\u00f3n de recursos p\u00fablicos.\u201d<\/p>\n<p style=\"text-align: justify;\">Desde el inicio de la Administraci\u00f3n Municipal, per\u00edodo 2014-2019 primero como Concejal y en la actualidad como Alcalde de Shushufindi, he procurado cumplir a cabalidad con mis funciones de Ejecutivo, Administrador, Representante Legal y parte del Concejo Municipal. En observaci\u00f3n al Mandato Constitucional y legal, expongo a los y las ciudadanas de mi cant\u00f3n Shushufindi, los resultados de mi gesti\u00f3n plasmados en el Informe de Rendici\u00f3n de Cuentas del per\u00edodo mayo a diciembre 2014.<\/p>\n<p style=\"text-align: justify;\">Este importante evento enmarcado en uno de los mecanismos de Participaci\u00f3n Ciudadana, la Audiencia P\u00fablica de Rendici\u00f3n de Cuentas de sus autoridades, esta dividido en tres ejes de trabajo, el Territorial que incluye a Planificaci\u00f3n, Obras P\u00fablicas, Agua Potable, Alcantarillado y Mercados y Ferias Libres. El segundo eje\u00a0 de trabajo, el social, donde se rinde cuentas de las labores del Patronato, el Consejo Cantonal de Protecci\u00f3n de Derechos, la Junta Cantonal de Protecci\u00f3n de Derechos de la Ni\u00f1ez y Adolescencia, Cultura, Deportes Turismo, Ambiente, Higiene, Salubridad, Seguridad Ciudadana y Participaci\u00f3n Ciudadana y finalmente el tercer eje, el institucional, que abarca al trabajo de la Administraci\u00f3n Municipal y sus dependencias.<\/p>\n<p style=\"text-align: justify;\">Es la ciudadan\u00eda quien en este corto per\u00edodo de gesti\u00f3n, puede dar testimonio de la tarea desarrollada por la Municipalidad, encaminada siempre a mejorar las condiciones de vida de los habitantes del cant\u00f3n Shushufindi. El trabajo del Municipio con el cambio de administraci\u00f3n nunca se ha detenido y nuestro esfuerzo y dedicaci\u00f3n ha estado representado principalmente por la continuaci\u00f3n de las obras y servicios entregados en los diferentes sectores del cant\u00f3n.<\/p>\n[\/vc_column_text][\/vc_column][vc_column width=\u00bb1\/2&#8243; woodmart_css_id=\u00bb654274f51e54f\u00bb parallax_scroll=\u00bbno\u00bb woodmart_sticky_column=\u00bbfalse\u00bb wd_collapsible_content_switcher=\u00bbno\u00bb wd_column_role_offcanvas_desktop=\u00bbno\u00bb wd_column_role_offcanvas_tablet=\u00bbno\u00bb wd_column_role_offcanvas_mobile=\u00bbno\u00bb wd_column_role_content_desktop=\u00bbno\u00bb wd_column_role_content_tablet=\u00bbno\u00bb wd_column_role_content_mobile=\u00bbno\u00bb mobile_bg_img_hidden=\u00bbno\u00bb tablet_bg_img_hidden=\u00bbno\u00bb woodmart_parallax=\u00bb0&#8243; woodmart_box_shadow=\u00bbno\u00bb responsive_spacing=\u00bbeyJwYXJhbV90eXBlIjoid29vZG1hcnRfcmVzcG9uc2l2ZV9zcGFjaW5nIiwic2VsZWN0b3JfaWQiOiI2NTQyNzRmNTFlNTRmIiwic2hvcnRjb2RlIjoidmNfY29sdW1uIiwiZGF0YSI6eyJ0YWJsZXQiOnt9LCJtb2JpbGUiOnt9fX0=\u00bb mobile_reset_margin=\u00bbno\u00bb tablet_reset_margin=\u00bbno\u00bb wd_z_index=\u00bbno\u00bb][vc_column_text woodmart_inline=\u00bbno\u00bb text_larger=\u00bbno\u00bb]\n<p style=\"text-align: justify;\">A futuro, Shushufindi contar\u00e1 con un nuevo entorno urban\u00edstico, mejorando y manteniendo las v\u00edas, con la recuperaci\u00f3n de parques y calles y fundamentalmente con la ampliaci\u00f3n de las redes de agua potable y alcantarillado, obras vitales para la ciudadan\u00eda. Otras obras prioritarias estar\u00e1n siempre relacionadas al ser humano, mejorando y cuidando de nuestros ni\u00f1os y j\u00f3venes, adultos mayores, discapacitados y sectores vulnerables, para hacer de nuestro querido cant\u00f3n un lugar digno de vivir y visitarlo.<\/p>\n<p style=\"text-align: justify;\">Finalmente, como alcalde del gobierno aut\u00f3nomo descentralizado municipal de Shushufindi, quiero expresar a ustedes ciudadanos y ciudadanas de mi cant\u00f3n, el compromiso moral, pol\u00edtico y sobre todo \u00e9tico, de servirles con dedicaci\u00f3n para mejorar las condiciones de vida que ustedes se merecen.<\/p>\n<p style=\"text-align: justify;\">A\u00a0los compa\u00f1eros y compa\u00f1eras concejales y concejalas, para que juntos podamos legislar y trabajar a favor de nuestras comunidades, como un solo equipo de trabajo.<\/p>\n<p style=\"text-align: justify;\">A\u00a0los servidores, servidoras, trabajadores y trabajadoras del municipio, solicitarles que unan sus esfuerzos al m\u00edo, para sacar adelante a este nuestro bello cant\u00f3n Shushufindi.<\/p>\n<p style=\"text-align: justify;\">Gracias siempre, ciudadanos y ciudadanas.<\/p>\n<p style=\"text-align: justify;\"><em><strong>Alcalde del GADMC Shushufindi<br \/>\n<\/strong><\/em>27 de febrero de 2015.<\/p>\n<p>&nbsp;<\/p>\n<blockquote><p><a href=\"http:\/\/shushufindi.gob.ec\/portal\/wp-content\/uploads\/2015\/02\/PRESENTACI\u00d3N-DE-RENDICION-DE-CUENTAS-ALCALDE-2014.pdf\" target=\"_blank\" rel=\"noopener\">Presentaci\u00f3n Rendici\u00f3n de cuentas 2014<\/a><\/p>\n<p><a href=\"http:\/\/shushufindi.gob.ec\/portal\/wp-content\/uploads\/2015\/02\/PRESENTACI\u00d3N-INFORME-DE-RENDICI\u00d3N-DE-CUENTAS-GADMC-S-FEBRERO-27-2015-ULTIMA-REVISADA.pdf\" target=\"_blank\" rel=\"noopener\">Informe Rendici\u00f3n de cuentas<\/a><\/p><\/blockquote>\n[\/vc_column_text][\/vc_column][\/vc_row][vc_row][vc_column][vc_empty_space height=\u00bb45px\u00bb woodmart_hide_large=\u00bb0&#8243; woodmart_hide_medium=\u00bb0&#8243; woodmart_hide_small=\u00bb0&#8243;][\/vc_column][\/vc_row]\n<\/div>","protected":false},"excerpt":{"rendered":"<p>[vc_row gap=\u00bb25&#8243; equal_height=\u00bbyes\u00bb woodmart_css_id=\u00bb6542778a12d97&#8243; responsive_spacing=\u00bbeyJwYXJhbV90eXBlIjoid29vZG1hcnRfcmVzcG9uc2l2ZV9zcGFjaW5nIiwic2VsZWN0b3JfaWQiOiI2NTQyNzc4YTEyZDk3Iiwic2hvcnRjb2RlIjoidmNfcm93IiwiZGF0YSI6eyJ0YWJsZXQiOnsicGFkZGluZy1yaWdodCI6IjIlIiwicGFkZGluZy1sZWZ0IjoiMiUifSwibW9iaWxlIjp7InBhZGRpbmctcmlnaHQiOiIxJSIsInBhZGRpbmctbGVmdCI6IjElIn19fQ==\u00bb mobile_bg_img_hidden=\u00bbno\u00bb tablet_bg_img_hidden=\u00bbno\u00bb woodmart_parallax=\u00bb0&#8243; woodmart_gradient_switch=\u00bbno\u00bb woodmart_box_shadow=\u00bbno\u00bb wd_z_index=\u00bbno\u00bb woodmart_disable_overflow=\u00bb0&#8243; row_reverse_mobile=\u00bb0&#8243; row_reverse_tablet=\u00bb0&#8243; css=\u00bb.vc_custom_1698854798401{margin-top: 40px !important;}\u00bb][vc_column width=\u00bb1\/2&#8243; woodmart_css_id=\u00bb65427771c8939&#8243; parallax_scroll=\u00bbno\u00bb<\/p>\n","protected":false},"author":1,"featured_media":0,"parent":32337,"menu_order":0,"comment_status":"closed","ping_status":"closed","template":"","meta":{"_monsterinsights_skip_tracking":false,"_monsterinsights_sitenote_active":false,"_monsterinsights_sitenote_note":"","_monsterinsights_sitenote_category":0,"_joinchat":[],"footnotes":""},"class_list":["post-30966","page","type-page","status-publish","hentry"],"yoast_head":"<!-- This site is optimized with the Yoast SEO plugin v25.8 - https:\/\/yoast.com\/wordpress\/plugins\/seo\/ -->\n<title>RENDICI\u00d3N DE CUENTAS 2014 - Municipio del Cant\u00f3n Shushufindi<\/title>\n<meta name=\"robots\" content=\"index, follow, max-snippet:-1, max-image-preview:large, max-video-preview:-1\" \/>\n<link rel=\"canonical\" href=\"https:\/\/shushufindi.gob.ec\/sitio\/__trashed\/rendicion-de-cuentas-2014\/\" \/>\n<meta property=\"og:locale\" content=\"es_ES\" \/>\n<meta property=\"og:type\" content=\"article\" \/>\n<meta property=\"og:title\" content=\"RENDICI\u00d3N DE CUENTAS 2014 - Municipio del Cant\u00f3n Shushufindi\" \/>\n<meta property=\"og:description\" content=\"[vc_row gap=\u00bb25&#8243; equal_height=\u00bbyes\u00bb woodmart_css_id=\u00bb6542778a12d97&#8243; responsive_spacing=\u00bbeyJwYXJhbV90eXBlIjoid29vZG1hcnRfcmVzcG9uc2l2ZV9zcGFjaW5nIiwic2VsZWN0b3JfaWQiOiI2NTQyNzc4YTEyZDk3Iiwic2hvcnRjb2RlIjoidmNfcm93IiwiZGF0YSI6eyJ0YWJsZXQiOnsicGFkZGluZy1yaWdodCI6IjIlIiwicGFkZGluZy1sZWZ0IjoiMiUifSwibW9iaWxlIjp7InBhZGRpbmctcmlnaHQiOiIxJSIsInBhZGRpbmctbGVmdCI6IjElIn19fQ==\u00bb mobile_bg_img_hidden=\u00bbno\u00bb tablet_bg_img_hidden=\u00bbno\u00bb woodmart_parallax=\u00bb0&#8243; woodmart_gradient_switch=\u00bbno\u00bb woodmart_box_shadow=\u00bbno\u00bb wd_z_index=\u00bbno\u00bb woodmart_disable_overflow=\u00bb0&#8243; row_reverse_mobile=\u00bb0&#8243; row_reverse_tablet=\u00bb0&#8243; css=\u00bb.vc_custom_1698854798401{margin-top: 40px !important;}\u00bb][vc_column width=\u00bb1\/2&#8243; woodmart_css_id=\u00bb65427771c8939&#8243; parallax_scroll=\u00bbno\u00bb\" \/>\n<meta property=\"og:url\" content=\"https:\/\/shushufindi.gob.ec\/sitio\/__trashed\/rendicion-de-cuentas-2014\/\" \/>\n<meta property=\"og:site_name\" content=\"Municipio del Cant\u00f3n Shushufindi\" \/>\n<meta property=\"article:modified_time\" content=\"2025-05-19T19:47:23+00:00\" \/>\n<meta name=\"twitter:card\" content=\"summary_large_image\" \/>\n<meta name=\"twitter:label1\" content=\"Tiempo de lectura\" \/>\n\t<meta name=\"twitter:data1\" content=\"3 minutos\" \/>\n<script type=\"application\/ld+json\" class=\"yoast-schema-graph\">{\"@context\":\"https:\/\/schema.org\",\"@graph\":[{\"@type\":\"WebPage\",\"@id\":\"https:\/\/shushufindi.gob.ec\/sitio\/__trashed\/rendicion-de-cuentas-2014\/\",\"url\":\"https:\/\/shushufindi.gob.ec\/sitio\/__trashed\/rendicion-de-cuentas-2014\/\",\"name\":\"RENDICI\u00d3N DE CUENTAS 2014 - Municipio del Cant\u00f3n Shushufindi\",\"isPartOf\":{\"@id\":\"https:\/\/shushufindi.gob.ec\/sitio\/#website\"},\"datePublished\":\"2023-11-01T16:05:53+00:00\",\"dateModified\":\"2025-05-19T19:47:23+00:00\",\"breadcrumb\":{\"@id\":\"https:\/\/shushufindi.gob.ec\/sitio\/__trashed\/rendicion-de-cuentas-2014\/#breadcrumb\"},\"inLanguage\":\"es\",\"potentialAction\":[{\"@type\":\"ReadAction\",\"target\":[\"https:\/\/shushufindi.gob.ec\/sitio\/__trashed\/rendicion-de-cuentas-2014\/\"]}]},{\"@type\":\"BreadcrumbList\",\"@id\":\"https:\/\/shushufindi.gob.ec\/sitio\/__trashed\/rendicion-de-cuentas-2014\/#breadcrumb\",\"itemListElement\":[{\"@type\":\"ListItem\",\"position\":1,\"name\":\"Portada\",\"item\":\"https:\/\/shushufindi.gob.ec\/sitio\/\"},{\"@type\":\"ListItem\",\"position\":2,\"name\":\"RENDICI\u00d3N DE CUENTAS\",\"item\":\"https:\/\/shushufindi.gob.ec\/sitio\/__trashed\/\"},{\"@type\":\"ListItem\",\"position\":3,\"name\":\"RENDICI\u00d3N DE CUENTAS 2014\"}]},{\"@type\":\"WebSite\",\"@id\":\"https:\/\/shushufindi.gob.ec\/sitio\/#website\",\"url\":\"https:\/\/shushufindi.gob.ec\/sitio\/\",\"name\":\"Municipio del Cant\u00f3n Shushufindi\",\"description\":\"GAD Municipal\",\"publisher\":{\"@id\":\"https:\/\/shushufindi.gob.ec\/sitio\/#organization\"},\"potentialAction\":[{\"@type\":\"SearchAction\",\"target\":{\"@type\":\"EntryPoint\",\"urlTemplate\":\"https:\/\/shushufindi.gob.ec\/sitio\/?s={search_term_string}\"},\"query-input\":{\"@type\":\"PropertyValueSpecification\",\"valueRequired\":true,\"valueName\":\"search_term_string\"}}],\"inLanguage\":\"es\"},{\"@type\":\"Organization\",\"@id\":\"https:\/\/shushufindi.gob.ec\/sitio\/#organization\",\"name\":\"Municipio del Cant\u00f3n Shushufindi\",\"url\":\"https:\/\/shushufindi.gob.ec\/sitio\/\",\"logo\":{\"@type\":\"ImageObject\",\"inLanguage\":\"es\",\"@id\":\"https:\/\/shushufindi.gob.ec\/sitio\/#\/schema\/logo\/image\/\",\"url\":\"http:\/\/shushufindi.gob.ec\/sitio\/wp-content\/uploads\/2023\/10\/favicon.jpg\",\"contentUrl\":\"http:\/\/shushufindi.gob.ec\/sitio\/wp-content\/uploads\/2023\/10\/favicon.jpg\",\"width\":100,\"height\":97,\"caption\":\"Municipio del Cant\u00f3n Shushufindi\"},\"image\":{\"@id\":\"https:\/\/shushufindi.gob.ec\/sitio\/#\/schema\/logo\/image\/\"}}]}<\/script>\n<!-- \/ Yoast SEO plugin. -->","yoast_head_json":{"title":"RENDICI\u00d3N DE CUENTAS 2014 - Municipio del Cant\u00f3n Shushufindi","robots":{"index":"index","follow":"follow","max-snippet":"max-snippet:-1","max-image-preview":"max-image-preview:large","max-video-preview":"max-video-preview:-1"},"canonical":"https:\/\/shushufindi.gob.ec\/sitio\/__trashed\/rendicion-de-cuentas-2014\/","og_locale":"es_ES","og_type":"article","og_title":"RENDICI\u00d3N DE CUENTAS 2014 - Municipio del Cant\u00f3n Shushufindi","og_description":"[vc_row gap=\u00bb25&#8243; equal_height=\u00bbyes\u00bb woodmart_css_id=\u00bb6542778a12d97&#8243; responsive_spacing=\u00bbeyJwYXJhbV90eXBlIjoid29vZG1hcnRfcmVzcG9uc2l2ZV9zcGFjaW5nIiwic2VsZWN0b3JfaWQiOiI2NTQyNzc4YTEyZDk3Iiwic2hvcnRjb2RlIjoidmNfcm93IiwiZGF0YSI6eyJ0YWJsZXQiOnsicGFkZGluZy1yaWdodCI6IjIlIiwicGFkZGluZy1sZWZ0IjoiMiUifSwibW9iaWxlIjp7InBhZGRpbmctcmlnaHQiOiIxJSIsInBhZGRpbmctbGVmdCI6IjElIn19fQ==\u00bb mobile_bg_img_hidden=\u00bbno\u00bb tablet_bg_img_hidden=\u00bbno\u00bb woodmart_parallax=\u00bb0&#8243; woodmart_gradient_switch=\u00bbno\u00bb woodmart_box_shadow=\u00bbno\u00bb wd_z_index=\u00bbno\u00bb woodmart_disable_overflow=\u00bb0&#8243; row_reverse_mobile=\u00bb0&#8243; row_reverse_tablet=\u00bb0&#8243; css=\u00bb.vc_custom_1698854798401{margin-top: 40px !important;}\u00bb][vc_column width=\u00bb1\/2&#8243; woodmart_css_id=\u00bb65427771c8939&#8243; parallax_scroll=\u00bbno\u00bb","og_url":"https:\/\/shushufindi.gob.ec\/sitio\/__trashed\/rendicion-de-cuentas-2014\/","og_site_name":"Municipio del Cant\u00f3n Shushufindi","article_modified_time":"2025-05-19T19:47:23+00:00","twitter_card":"summary_large_image","twitter_misc":{"Tiempo de lectura":"3 minutos"},"schema":{"@context":"https:\/\/schema.org","@graph":[{"@type":"WebPage","@id":"https:\/\/shushufindi.gob.ec\/sitio\/__trashed\/rendicion-de-cuentas-2014\/","url":"https:\/\/shushufindi.gob.ec\/sitio\/__trashed\/rendicion-de-cuentas-2014\/","name":"RENDICI\u00d3N DE CUENTAS 2014 - Municipio del Cant\u00f3n Shushufindi","isPartOf":{"@id":"https:\/\/shushufindi.gob.ec\/sitio\/#website"},"datePublished":"2023-11-01T16:05:53+00:00","dateModified":"2025-05-19T19:47:23+00:00","breadcrumb":{"@id":"https:\/\/shushufindi.gob.ec\/sitio\/__trashed\/rendicion-de-cuentas-2014\/#breadcrumb"},"inLanguage":"es","potentialAction":[{"@type":"ReadAction","target":["https:\/\/shushufindi.gob.ec\/sitio\/__trashed\/rendicion-de-cuentas-2014\/"]}]},{"@type":"BreadcrumbList","@id":"https:\/\/shushufindi.gob.ec\/sitio\/__trashed\/rendicion-de-cuentas-2014\/#breadcrumb","itemListElement":[{"@type":"ListItem","position":1,"name":"Portada","item":"https:\/\/shushufindi.gob.ec\/sitio\/"},{"@type":"ListItem","position":2,"name":"RENDICI\u00d3N DE CUENTAS","item":"https:\/\/shushufindi.gob.ec\/sitio\/__trashed\/"},{"@type":"ListItem","position":3,"name":"RENDICI\u00d3N DE CUENTAS 2014"}]},{"@type":"WebSite","@id":"https:\/\/shushufindi.gob.ec\/sitio\/#website","url":"https:\/\/shushufindi.gob.ec\/sitio\/","name":"Municipio del Cant\u00f3n Shushufindi","description":"GAD Municipal","publisher":{"@id":"https:\/\/shushufindi.gob.ec\/sitio\/#organization"},"potentialAction":[{"@type":"SearchAction","target":{"@type":"EntryPoint","urlTemplate":"https:\/\/shushufindi.gob.ec\/sitio\/?s={search_term_string}"},"query-input":{"@type":"PropertyValueSpecification","valueRequired":true,"valueName":"search_term_string"}}],"inLanguage":"es"},{"@type":"Organization","@id":"https:\/\/shushufindi.gob.ec\/sitio\/#organization","name":"Municipio del Cant\u00f3n Shushufindi","url":"https:\/\/shushufindi.gob.ec\/sitio\/","logo":{"@type":"ImageObject","inLanguage":"es","@id":"https:\/\/shushufindi.gob.ec\/sitio\/#\/schema\/logo\/image\/","url":"http:\/\/shushufindi.gob.ec\/sitio\/wp-content\/uploads\/2023\/10\/favicon.jpg","contentUrl":"http:\/\/shushufindi.gob.ec\/sitio\/wp-content\/uploads\/2023\/10\/favicon.jpg","width":100,"height":97,"caption":"Municipio del Cant\u00f3n Shushufindi"},"image":{"@id":"https:\/\/shushufindi.gob.ec\/sitio\/#\/schema\/logo\/image\/"}}]}},"_links":{"self":[{"href":"https:\/\/shushufindi.gob.ec\/sitio\/wp-json\/wp\/v2\/pages\/30966","targetHints":{"allow":["GET"]}}],"collection":[{"href":"https:\/\/shushufindi.gob.ec\/sitio\/wp-json\/wp\/v2\/pages"}],"about":[{"href":"https:\/\/shushufindi.gob.ec\/sitio\/wp-json\/wp\/v2\/types\/page"}],"author":[{"embeddable":true,"href":"https:\/\/shushufindi.gob.ec\/sitio\/wp-json\/wp\/v2\/users\/1"}],"replies":[{"embeddable":true,"href":"https:\/\/shushufindi.gob.ec\/sitio\/wp-json\/wp\/v2\/comments?post=30966"}],"version-history":[{"count":4,"href":"https:\/\/shushufindi.gob.ec\/sitio\/wp-json\/wp\/v2\/pages\/30966\/revisions"}],"predecessor-version":[{"id":30970,"href":"https:\/\/shushufindi.gob.ec\/sitio\/wp-json\/wp\/v2\/pages\/30966\/revisions\/30970"}],"up":[{"embeddable":true,"href":"https:\/\/shushufindi.gob.ec\/sitio\/wp-json\/wp\/v2\/pages\/32337"}],"wp:attachment":[{"href":"https:\/\/shushufindi.gob.ec\/sitio\/wp-json\/wp\/v2\/media?parent=30966"}],"curies":[{"name":"wp","href":"https:\/\/api.w.org\/{rel}","templated":true}]}}