{"id":32870,"date":"2025-04-07T16:33:27","date_gmt":"2025-04-07T16:33:27","guid":{"rendered":"https:\/\/shushufindi.gob.ec\/sitio\/?page_id=32870"},"modified":"2026-03-02T20:48:52","modified_gmt":"2026-03-02T20:48:52","slug":"32870-2","status":"publish","type":"page","link":"https:\/\/shushufindi.gob.ec\/sitio\/32870-2\/","title":{"rendered":"LA ALCALD\u00cdA"},"content":{"rendered":"<div class=\"wpb-content-wrapper\">[vc_row full_width=\u00bbstretch_row\u00bb content_placement=\u00bbbottom\u00bb woodmart_bg_position=\u00bbright-bottom\u00bb css=\u00bb.vc_custom_1772484522200{margin-top: -40px !important;margin-bottom: 10vh !important;padding-top: 30px !important;background-image: url(http:\/\/shushufindi.gob.ec\/sitio\/wp-content\/uploads\/2025\/08\/Shushufindi1.jpg?id=34098) !important;}\u00bb mobile_bg_img_hidden=\u00bbno\u00bb tablet_bg_img_hidden=\u00bbno\u00bb woodmart_parallax=\u00bb1&#8243; woodmart_gradient_switch=\u00bbno\u00bb row_reverse_mobile=\u00bb0&#8243; row_reverse_tablet=\u00bb0&#8243; woodmart_disable_overflow=\u00bb0&#8243; woodmart_css_id=\u00bb69a5f795bf5bf\u00bb responsive_spacing=\u00bbeyJwYXJhbV90eXBlIjoid29vZG1hcnRfcmVzcG9uc2l2ZV9zcGFjaW5nIiwic2VsZWN0b3JfaWQiOiI2OWE1Zjc5NWJmNWJmIiwic2hvcnRjb2RlIjoidmNfcm93IiwiZGF0YSI6eyJ0YWJsZXQiOnt9LCJtb2JpbGUiOnt9fX0=\u00bb woodmart_box_shadow=\u00bbno\u00bb wd_z_index=\u00bbno\u00bb][vc_column width=\u00bb1\/2&#8243; woodmart_text_align=\u00bbleft\u00bb css=\u00bb.vc_custom_1620229989325{margin-top: 4vh !important;margin-bottom: 4vh !important;padding-top: 0px !important;}\u00bb mobile_bg_img_hidden=\u00bbno\u00bb tablet_bg_img_hidden=\u00bbno\u00bb woodmart_parallax=\u00bb0&#8243; woodmart_sticky_column=\u00bbfalse\u00bb parallax_scroll=\u00bbno\u00bb mobile_reset_margin=\u00bbno\u00bb tablet_reset_margin=\u00bbno\u00bb offset=\u00bbvc_col-lg-7 vc_col-md-7&#8243; el_class=\u00bb#Home\u00bb]\t\t\t<link rel=\"stylesheet\" id=\"wd-section-title-css\" href=\"https:\/\/shushufindi.gob.ec\/sitio\/wp-content\/themes\/woodmart\/css\/parts\/el-section-title.min.css?ver=7.3.2\" type=\"text\/css\" media=\"all\" \/> \t\t\t\t\t\t<link rel=\"stylesheet\" id=\"wd-mod-highlighted-text-css\" href=\"https:\/\/shushufindi.gob.ec\/sitio\/wp-content\/themes\/woodmart\/css\/parts\/mod-highlighted-text.min.css?ver=7.3.2\" type=\"text\/css\" media=\"all\" \/> \t\t\t\n\t\t<div id=\"wd-682b971acd31c\" class=\"title-wrapper wd-wpb set-mb-s reset-last-child  wd-rs-682b971acd31c wd-title-color-default wd-title-style-default text-left  wd-width-enabled wd-underline-colored\" style=\"--wd-max-width: 90%;\">\n\t\t\t\t\t\t\t<div class=\"title-subtitle  subtitle-color-default font-alt subtitle-style-default wd-font-weight- wd-fontsize-xs\">Alcaldesa de Shushufindi<\/div>\n\t\t\t\n\t\t\t<div class=\"liner-continer\">\n\t\t\t\t<h4 class=\"woodmart-title-container title  wd-font-weight-900 wd-fontsize-l\" >ING. LORENA CAJAS RODAS<\/h4>\n\t\t\t\t\t\t\t<\/div>\n\t\t\t\n\t\t\t\n\t\t\t\n\t\t<\/div>\n\t\t\n\t\t\t\t\t<link rel=\"stylesheet\" id=\"wd-text-block-css\" href=\"https:\/\/shushufindi.gob.ec\/sitio\/wp-content\/themes\/woodmart\/css\/parts\/el-text-block.min.css?ver=7.3.2\" type=\"text\/css\" media=\"all\" \/> \t\t\t\t\t<div id=\"wd-6914bb2db185f\" class=\"wd-text-block wd-wpb reset-last-child wd-rs-6914bb2db185f text-left \">\n\t\t\t<p><strong>Asume con firmeza el legado de servicio p\u00fablico de su padre y lo proyecta al presente con gesti\u00f3n cercana, planificaci\u00f3n y resultados. Con responsabilidad y transparencia, lidera un gobierno que impulsa obras, proyectos y servicios b\u00e1sicos para el desarrollo integral del cant\u00f3n.<\/strong><\/p>\n\t\t<\/div>\n\t\t[vc_empty_space height=\u00bb9vh\u00bb woodmart_hide_large=\u00bb0&#8243; woodmart_hide_medium=\u00bb0&#8243; woodmart_hide_small=\u00bb0&#8243; woodmart_hide_extra_small=\u00bb1&#8243;][vc_row_inner][vc_column_inner][vc_raw_html css=\u00bb\u00bb]JTNDZGl2JTIwY2xhc3MlM0QlMjJjb250YWRvci13cmFwcGVyJTIyJTNFJTBBJTIwJTIwJTNDZGl2JTIwY2xhc3MlM0QlMjJjb250YWRvciUyMiUyMGlkJTNEJTIyY29udGFkb3IlMjIlM0UlMjQwJTNDJTJGZGl2JTNFJTBBJTIwJTIwJTNDZGl2JTIwY2xhc3MlM0QlMjJjb250YWRvci10ZXh0byUyMiUzRSUwQSUyMCUyMCUyMEludmVydGlkb3MlMjBlbiUyMCUzQ3N0cm9uZyUzRTU4NCUyQzUlMjBLaWwlQzMlQjNtZXRyb3MlM0MlMkZzdHJvbmclM0UlMjBkZSUyMGFwZXJ0dXJhcyUyQyUyMGxhc3RyYWRvcyUzQ2JyJTNFeSUyMG1hbnRlbmltaWVudG9zJTIwdmlhbGVzJTIwJTNDc3Ryb25nJTNFZW50cmUlMjBFbmVybyUyMDIwMjQlMjAtJTIwTWF5byUyMDIwMjUlM0MlMkZzdHJvbmclM0UlMEElMjAlMjAlM0MlMkZkaXYlM0UlMEElM0MlMkZkaXYlM0UlMEElMEElM0NzY3JpcHQlM0UlMEFmdW5jdGlvbiUyMGFuaW1hckNvbnRhZG9yJTI4aWQlMkMlMjBpbmljaW8lMkMlMjBmaW4lMkMlMjBkdXJhY2lvbiUyOSUyMCU3QiUwQSUyMCUyMGxldCUyMG9iaiUyMCUzRCUyMGRvY3VtZW50LmdldEVsZW1lbnRCeUlkJTI4aWQlMjklM0IlMEElMjAlMjBsZXQlMjBpbmljaW9UaWVtcG8lMjAlM0QlMjBudWxsJTNCJTBBJTBBJTIwJTIwZnVuY3Rpb24lMjBhbmltYXIlMjh0aW1lc3RhbXAlMjklMjAlN0IlMEElMjAlMjAlMjAlMjBpZiUyMCUyOCUyMWluaWNpb1RpZW1wbyUyOSUyMGluaWNpb1RpZW1wbyUyMCUzRCUyMHRpbWVzdGFtcCUzQiUwQSUyMCUyMCUyMCUyMGxldCUyMHByb2dyZXNvJTIwJTNEJTIwTWF0aC5taW4lMjglMjh0aW1lc3RhbXAlMjAtJTIwaW5pY2lvVGllbXBvJTI5JTIwJTJGJTIwZHVyYWNpb24lMkMlMjAxJTI5JTNCJTBBJTIwJTIwJTIwJTIwbGV0JTIwdmFsb3IlMjAlM0QlMjBpbmljaW8lMjAlMkIlMjAlMjhmaW4lMjAtJTIwaW5pY2lvJTI5JTIwJTJBJTIwcHJvZ3Jlc28lM0IlMEElMEElMjAlMjAlMjAlMjBvYmouaW5uZXJIVE1MJTIwJTNEJTIwJTIyJTI0JTIyJTIwJTJCJTIwdmFsb3IudG9Mb2NhbGVTdHJpbmclMjglMjJlcy1FUyUyMiUyQyUyMCU3QiUwQSUyMCUyMCUyMCUyMCUyMCUyMG1pbmltdW1GcmFjdGlvbkRpZ2l0cyUzQSUyMDIlMkMlMEElMjAlMjAlMjAlMjAlMjAlMjBtYXhpbXVtRnJhY3Rpb25EaWdpdHMlM0ElMjAyJTBBJTIwJTIwJTIwJTIwJTdEJTI5JTNCJTBBJTBBJTIwJTIwJTIwJTIwaWYlMjAlMjhwcm9ncmVzbyUyMCUzQyUyMDElMjklMjAlN0IlMEElMjAlMjAlMjAlMjAlMjAlMjByZXF1ZXN0QW5pbWF0aW9uRnJhbWUlMjhhbmltYXIlMjklM0IlMEElMjAlMjAlMjAlMjAlN0QlMEElMjAlMjAlN0QlMEElMEElMjAlMjByZXF1ZXN0QW5pbWF0aW9uRnJhbWUlMjhhbmltYXIlMjklM0IlMEElN0QlMEElMEFhbmltYXJDb250YWRvciUyOCUyMmNvbnRhZG9yJTIyJTJDJTIwMCUyQyUyMDUzOTQwMDkuNjAlMkMlMjAzMDAwJTI5JTNCJTBBJTNDJTJGc2NyaXB0JTNFJTBBJTBBJTNDc3R5bGUlM0UlMEEuY29udGFkb3Itd3JhcHBlciUyMCU3QiUwQSUyMCUyMHdpZHRoJTNBJTIwMTAwJTI1JTNCJTBBJTIwJTIwdGV4dC1hbGlnbiUzQSUyMGxlZnQlM0IlMjAlMEElMjAlMjBoZWlnaHQlM0ElMjBhdXRvJTNCJTIwJTIwJTIwJTBBJTIwJTIwb3ZlcmZsb3clM0ElMjBoaWRkZW4lM0IlMjAlMEElN0QlMEElMEEuY29udGFkb3IlMjAlN0IlMEElMjAlMjBmb250LXNpemUlM0ElMjAzcmVtJTNCJTBBJTIwJTIwZm9udC13ZWlnaHQlM0ElMjBib2xkJTNCJTBBJTIwJTIwY29sb3IlM0ElMjAlMjM1YjViNWIlM0IlMEElMjAlMjBsaW5lLWhlaWdodCUzQSUyMDcwcHglM0IlMjAlMEElN0QlMEElMEEuY29udGFkb3ItdGV4dG8lMjAlN0IlMEElMjAlMjBmb250LXNpemUlM0ElMjAxcmVtJTNCJTIwJTIwJTIwJTIwJTIwJTIwJTIwJTJGJTJBJTIwbSVDMyVBMXMlMjBwZXF1ZSVDMyVCMW8lMjAlMkElMkYlMEElMjAlMjBjb2xvciUzQSUyMCUyMzc3NyUzQiUyMCUyMCUyMCUyMCUyMCUyMCUyMCUyMCUyMCUyMCUyMCUyRiUyQSUyMGdyaXMlMjBjbGFybyUyMCUyQSUyRiUwQSUyMCUyMG1hcmdpbi10b3AlM0ElMjA1cHglM0IlMjAlMjAlMjAlMjAlMjAlMjAlMjAlMkYlMkElMjBzZXBhcmFjaSVDMyVCM24lMjBjb3J0YSUyMCUyQSUyRiUwQSU3RCUwQSUzQyUyRnN0eWxlJTNFJTBBJTBB[\/vc_raw_html][\/vc_column_inner][\/vc_row_inner][\/vc_column][vc_column width=\u00bb1\/2&#8243; css=\u00bb.vc_custom_1620127187655{padding-top: 0px !important;}\u00bb mobile_bg_img_hidden=\u00bbno\u00bb tablet_bg_img_hidden=\u00bbno\u00bb woodmart_parallax=\u00bb0&#8243; woodmart_sticky_column=\u00bbfalse\u00bb parallax_scroll=\u00bbno\u00bb mobile_reset_margin=\u00bbno\u00bb tablet_reset_margin=\u00bbno\u00bb offset=\u00bbvc_col-lg-5 vc_col-md-5&#8243;][vc_single_image image=\u00bb33713&#8243; img_size=\u00bbfull\u00bb css=\u00bb.vc_custom_1747686907631{margin-bottom: 0px !important;}\u00bb woodmart_inline=\u00bbno\u00bb parallax_scroll=\u00bbno\u00bb][\/vc_column][\/vc_row][vc_row full_width=\u00bbstretch_row\u00bb woodmart_disable_overflow=\u00bb1&#8243; css=\u00bb.vc_custom_1747690032155{margin-top: -45px !important;padding-top: 0px !important;padding-bottom: 0px !important;background-color: #eaeaea !important;background-position: center !important;background-repeat: no-repeat !important;background-size: cover !important;}\u00bb woodmart_css_id=\u00bb682ba211b5aad\u00bb responsive_spacing=\u00bbeyJwYXJhbV90eXBlIjoid29vZG1hcnRfcmVzcG9uc2l2ZV9zcGFjaW5nIiwic2VsZWN0b3JfaWQiOiI2ODJiYTIxMWI1YWFkIiwic2hvcnRjb2RlIjoidmNfcm93IiwiZGF0YSI6eyJ0YWJsZXQiOnt9LCJtb2JpbGUiOnt9fX0=\u00bb mobile_bg_img_hidden=\u00bbno\u00bb tablet_bg_img_hidden=\u00bbno\u00bb woodmart_parallax=\u00bb0&#8243; woodmart_gradient_switch=\u00bbno\u00bb row_reverse_mobile=\u00bb0&#8243; row_reverse_tablet=\u00bb0&#8243; woodmart_box_shadow=\u00bbno\u00bb wd_z_index=\u00bbno\u00bb][vc_column css=\u00bb.vc_custom_1747689988871{margin-bottom: -45px !important;border-bottom-width: -45px !important;padding-top: 0px !important;padding-right: 0px !important;padding-bottom: 0px !important;padding-left: 0px !important;background-position: center !important;background-repeat: no-repeat !important;background-size: contain !important;}\u00bb woodmart_css_id=\u00bb682ba1fd11c8c\u00bb parallax_scroll=\u00bbno\u00bb woodmart_sticky_column=\u00bbfalse\u00bb wd_collapsible_content_switcher=\u00bbno\u00bb wd_column_role_offcanvas_desktop=\u00bbno\u00bb wd_column_role_offcanvas_tablet=\u00bbno\u00bb wd_column_role_offcanvas_mobile=\u00bbno\u00bb wd_column_role_content_desktop=\u00bbno\u00bb wd_column_role_content_tablet=\u00bbno\u00bb wd_column_role_content_mobile=\u00bbno\u00bb mobile_bg_img_hidden=\u00bbno\u00bb tablet_bg_img_hidden=\u00bbno\u00bb woodmart_parallax=\u00bb0&#8243; woodmart_box_shadow=\u00bbno\u00bb responsive_spacing=\u00bbeyJwYXJhbV90eXBlIjoid29vZG1hcnRfcmVzcG9uc2l2ZV9zcGFjaW5nIiwic2VsZWN0b3JfaWQiOiI2ODJiYTFmZDExYzhjIiwic2hvcnRjb2RlIjoidmNfY29sdW1uIiwiZGF0YSI6eyJ0YWJsZXQiOnt9LCJtb2JpbGUiOnt9fX0=\u00bb mobile_reset_margin=\u00bbno\u00bb tablet_reset_margin=\u00bbno\u00bb wd_z_index=\u00bbno\u00bb][vc_row_inner css=\u00bb.vc_custom_1628761052518{padding-top: 15px !important;background-position: center !important;background-repeat: no-repeat !important;background-size: cover !important;}\u00bb woodmart_css_id=\u00bb6114ebd73a51f\u00bb responsive_spacing=\u00bbeyJwYXJhbV90eXBlIjoid29vZG1hcnRfcmVzcG9uc2l2ZV9zcGFjaW5nIiwic2VsZWN0b3JfaWQiOiI2MTE0ZWJkNzNhNTFmIiwic2hvcnRjb2RlIjoidmNfcm93X2lubmVyIiwiZGF0YSI6eyJ0YWJsZXQiOnt9LCJtb2JpbGUiOnt9fX0=\u00bb row_reverse_mobile=\u00bb0&#8243; row_reverse_tablet=\u00bb0&#8243;][vc_column_inner css=\u00bb.vc_custom_1628760861518{margin-bottom: 40px !important;padding-top: 0px !important;}\u00bb offset=\u00bbvc_col-lg-4 vc_col-md-4&#8243; woodmart_css_id=\u00bb6114eb1ab4d9d\u00bb responsive_spacing=\u00bbeyJwYXJhbV90eXBlIjoid29vZG1hcnRfcmVzcG9uc2l2ZV9zcGFjaW5nIiwic2VsZWN0b3JfaWQiOiI2MTE0ZWIxYWI0ZDlkIiwic2hvcnRjb2RlIjoidmNfY29sdW1uX2lubmVyIiwiZGF0YSI6eyJ0YWJsZXQiOnt9LCJtb2JpbGUiOnt9fX0=\u00bb]\t\t\t<link rel=\"stylesheet\" id=\"wd-info-box-css\" href=\"https:\/\/shushufindi.gob.ec\/sitio\/wp-content\/themes\/woodmart\/css\/parts\/el-info-box.min.css?ver=7.3.2\" type=\"text\/css\" media=\"all\" \/> \t\t\t\t\t\t<div class=\"info-box-wrapper\">\n\t\t\t\t<div id=\"wd-682b9eabe1af9\" class=\" wd-rs-682b9eabe1af9 cursor-pointer wd-info-box wd-wpb text-left box-icon-align-left box-style- color-scheme-light wd-bg-none wd-items-top vc_custom_1747689188891\"  >\n\t\t\t\t\t\t\t\t\t\t\t<div class=\"box-icon-wrapper  box-with-text text-size-default box-icon-simple\">\n\t\t\t\t\t\t\t<div class=\"info-box-icon\">\n\n\t\t\t\t\t\t\t\t\t\t\t\t\t\t\t1.\t\t\t\t\t\t\t\n\t\t\t\t\t\t\t<\/div>\n\t\t\t\t\t\t<\/div>\n\t\t\t\t\t\t\t\t\t\t<div class=\"info-box-content\">\n\t\t\t\t\t\t<h4 class=\"info-box-title title box-title-style-default wd-fontsize-xl\">Datos de Nacimiento<\/h4>\t\t\t\t\t\t<div class=\"info-box-inner set-cont-mb-s reset-last-child\"><p>5 de enero de 1979 en Nuevo Rocafuerte, Orellana<\/p>\n<\/div>\n\n\t\t\t\t\t\t\t\t\t\t\t<\/div>\n\n\t\t\t\t\t<style><\/style>\t\t\t\t<\/div>\n\t\t\t<\/div>\n\t\t[\/vc_column_inner][vc_column_inner css=\u00bb.vc_custom_1628760856966{margin-bottom: 40px !important;padding-top: 0px !important;}\u00bb offset=\u00bbvc_col-lg-4 vc_col-md-4&#8243; woodmart_css_id=\u00bb6114eb163ace9&#8243; responsive_spacing=\u00bbeyJwYXJhbV90eXBlIjoid29vZG1hcnRfcmVzcG9uc2l2ZV9zcGFjaW5nIiwic2VsZWN0b3JfaWQiOiI2MTE0ZWIxNjNhY2U5Iiwic2hvcnRjb2RlIjoidmNfY29sdW1uX2lubmVyIiwiZGF0YSI6eyJ0YWJsZXQiOnt9LCJtb2JpbGUiOnt9fX0=\u00bb]\t\t\t<div class=\"info-box-wrapper\">\n\t\t\t\t<div id=\"wd-682b9ee81faf6\" class=\" wd-rs-682b9ee81faf6 cursor-pointer wd-info-box wd-wpb text-left box-icon-align-left box-style- color-scheme-light wd-bg-none wd-items-top vc_custom_1747689210773\"  >\n\t\t\t\t\t\t\t\t\t\t\t<div class=\"box-icon-wrapper  box-with-text text-size-default box-icon-simple\">\n\t\t\t\t\t\t\t<div class=\"info-box-icon\">\n\n\t\t\t\t\t\t\t\t\t\t\t\t\t\t\t2.\t\t\t\t\t\t\t\n\t\t\t\t\t\t\t<\/div>\n\t\t\t\t\t\t<\/div>\n\t\t\t\t\t\t\t\t\t\t<div class=\"info-box-content\">\n\t\t\t\t\t\t<h4 class=\"info-box-title title box-title-style-default wd-fontsize-xl\">Estudios Primarios<\/h4>\t\t\t\t\t\t<div class=\"info-box-inner set-cont-mb-s reset-last-child\"><p>Escuela Fiscal Mixta 11 de Julio en Shushufindi<\/p>\n<\/div>\n\n\t\t\t\t\t\t\t\t\t\t\t<\/div>\n\n\t\t\t\t\t<style><\/style>\t\t\t\t<\/div>\n\t\t\t<\/div>\n\t\t[\/vc_column_inner][vc_column_inner css=\u00bb.vc_custom_1628760852630{margin-bottom: 40px !important;padding-top: 0px !important;}\u00bb offset=\u00bbvc_col-lg-4 vc_col-md-4&#8243; woodmart_css_id=\u00bb6114eb0f9b4bc\u00bb responsive_spacing=\u00bbeyJwYXJhbV90eXBlIjoid29vZG1hcnRfcmVzcG9uc2l2ZV9zcGFjaW5nIiwic2VsZWN0b3JfaWQiOiI2MTE0ZWIwZjliNGJjIiwic2hvcnRjb2RlIjoidmNfY29sdW1uX2lubmVyIiwiZGF0YSI6eyJ0YWJsZXQiOnt9LCJtb2JpbGUiOnt9fX0=\u00bb]\t\t\t<div class=\"info-box-wrapper\">\n\t\t\t\t<div id=\"wd-682ba0b30d13d\" class=\" wd-rs-682ba0b30d13d cursor-pointer wd-info-box wd-wpb text-left box-icon-align-left box-style- color-scheme-light wd-bg-none wd-items-top vc_custom_1747689669609\"  >\n\t\t\t\t\t\t\t\t\t\t\t<div class=\"box-icon-wrapper  box-with-text text-size-default box-icon-simple\">\n\t\t\t\t\t\t\t<div class=\"info-box-icon\">\n\n\t\t\t\t\t\t\t\t\t\t\t\t\t\t\t3.\t\t\t\t\t\t\t\n\t\t\t\t\t\t\t<\/div>\n\t\t\t\t\t\t<\/div>\n\t\t\t\t\t\t\t\t\t\t<div class=\"info-box-content\">\n\t\t\t\t\t\t<h4 class=\"info-box-title title box-title-style-default wd-fontsize-xl\">Estudios Secundarios<\/h4>\t\t\t\t\t\t<div class=\"info-box-inner set-cont-mb-s reset-last-child\"><p>Colegio Particular Femenino Santa Dorotea en la ciudad de Quito<\/p>\n<\/div>\n\n\t\t\t\t\t\t\t\t\t\t\t<\/div>\n\n\t\t\t\t\t<style><\/style>\t\t\t\t<\/div>\n\t\t\t<\/div>\n\t\t[\/vc_column_inner][\/vc_row_inner][vc_tta_accordion][vc_tta_section title=\u00bbEstudios Superiores\u00bb tab_id=\u00bb1747690606609-52816b50-bfa0&#8243;]\t\t<div id=\"wd-682ba4fdb0be7\" class=\"wd-text-block wd-wpb reset-last-child wd-rs-682ba4fdb0be7 text-left \">\n\t\t\t<ul>\n<li>Escuela Superior Polit\u00e9cnica Ecol\u00f3gica Amaz\u00f3nica Ingeniera en Agroempresas y Recursos Naturales Renovables<\/li>\n<li>Universidad T\u00e9cnica de Ambato Maestr\u00eda en Agroecolog\u00eda y Ambiente<\/li>\n<li>Universidad San Francisco de Quito X Cumbre Mundial de Comunicaci\u00f3n Pol\u00edtica CIFAL \u2013 UNITAR- ALCOP Programa Internacional en Consultor\u00eda Pol\u00edtica y Gesti\u00f3n de Gobierno<\/li>\n<li>Universidad de Desarrollo Santiago de Chile Gobierno y Pol\u00edticas P\u00fablicas<\/li>\n<li>Universidad Camilo Jos\u00e9 Cela Madrid, Simulaci\u00f3n de Gobierno y Campa\u00f1as Pol\u00edticas<\/li>\n<li>Universidad de los Hemisferios de Quito Programa de Gobernanza y Liderazgo Pol\u00edtico EUDE Business Scholl<\/li>\n<\/ul>\n\t\t<\/div>\n\t\t[\/vc_tta_section][vc_tta_section title=\u00bbCargos Desempe\u00f1ados\u00bb tab_id=\u00bb1747690844803-92df0722-3073&#8243;]\t\t<div id=\"wd-682ba57256a71\" class=\"wd-text-block wd-wpb reset-last-child wd-rs-682ba57256a71 text-left \">\n\t\t\t<ul>\n<li>T\u00e9cnica Agropecuaria del Departamento de Responsabilidad Social y Relaciones Comunitarias de Petroamazonas EP.<\/li>\n<li>Supervisora del Departamento de Responsabilidad Social y Relaciones Comunitarias de Petroamazonas EP.<\/li>\n<li>Presidenta y Fundadora del Colectivo Ciudadano Shushufindi Tierra de Valientes.<\/li>\n<li>Presidenta y Fundadora de Movimiento Pol\u00edtico Seguimos, Lista 104.<\/li>\n<li>Actualmente con la confianza del 53.68% de la poblaci\u00f3n asumi\u00f3 las funciones de Alcaldesa del cant\u00f3n Shushufindi.<\/li>\n<\/ul>\n\t\t<\/div>\n\t\t[\/vc_tta_section][vc_tta_section title=\u00bbLogros Alcanzados\u00bb tab_id=\u00bb1747690952980-548acb5f-84c1&#8243;]\t\t<div id=\"wd-682ba5e122925\" class=\"wd-text-block wd-wpb reset-last-child wd-rs-682ba5e122925 text-left \">\n\t\t\t<ul>\n<li>Fundadora del Colectivo Ciudadano Shushufindi Tierra de Valientes, 2017. En el 2023 fundaci\u00f3n que brinda ayuda social y humanitaria.<\/li>\n<li>Fundadora de Movimiento Pol\u00edtico Seguimos, Lista 104, 2018. La \u00fanica bandera local ciudadana que cobija en democracia todo el cant\u00f3n Shushufindi, bajo la premisa del cumplimiento firme de la palabra.<\/li>\n<\/ul>\n\t\t<\/div>\n\t\t[\/vc_tta_section][\/vc_tta_accordion][\/vc_column][\/vc_row]\n<\/div>","protected":false},"excerpt":{"rendered":"<p>[vc_row full_width=\u00bbstretch_row\u00bb content_placement=\u00bbbottom\u00bb woodmart_bg_position=\u00bbright-bottom\u00bb css=\u00bb.vc_custom_1772484522200{margin-top: -40px !important;margin-bottom: 10vh !important;padding-top: 30px !important;background-image: url(http:\/\/shushufindi.gob.ec\/sitio\/wp-content\/uploads\/2025\/08\/Shushufindi1.jpg?id=34098) !important;}\u00bb mobile_bg_img_hidden=\u00bbno\u00bb tablet_bg_img_hidden=\u00bbno\u00bb woodmart_parallax=\u00bb1&#8243; woodmart_gradient_switch=\u00bbno\u00bb row_reverse_mobile=\u00bb0&#8243; row_reverse_tablet=\u00bb0&#8243; woodmart_disable_overflow=\u00bb0&#8243;<\/p>\n","protected":false},"author":19,"featured_media":0,"parent":0,"menu_order":0,"comment_status":"closed","ping_status":"closed","template":"","meta":{"_monsterinsights_skip_tracking":false,"_monsterinsights_sitenote_active":false,"_monsterinsights_sitenote_note":"","_monsterinsights_sitenote_category":0,"_joinchat":[],"footnotes":""},"class_list":["post-32870","page","type-page","status-publish","hentry"],"yoast_head":"<!-- This site is optimized with the Yoast SEO plugin v25.8 - https:\/\/yoast.com\/wordpress\/plugins\/seo\/ -->\n<title>LA ALCALD\u00cdA - Municipio del Cant\u00f3n Shushufindi<\/title>\n<meta name=\"robots\" content=\"index, follow, max-snippet:-1, max-image-preview:large, max-video-preview:-1\" \/>\n<link rel=\"canonical\" href=\"https:\/\/shushufindi.gob.ec\/sitio\/32870-2\/\" \/>\n<meta property=\"og:locale\" content=\"es_ES\" \/>\n<meta property=\"og:type\" content=\"article\" \/>\n<meta property=\"og:title\" content=\"LA ALCALD\u00cdA - Municipio del Cant\u00f3n Shushufindi\" \/>\n<meta property=\"og:description\" content=\"[vc_row full_width=\u00bbstretch_row\u00bb content_placement=\u00bbbottom\u00bb woodmart_bg_position=\u00bbright-bottom\u00bb css=\u00bb.vc_custom_1772484522200{margin-top: -40px !important;margin-bottom: 10vh !important;padding-top: 30px !important;background-image: url(http:\/\/shushufindi.gob.ec\/sitio\/wp-content\/uploads\/2025\/08\/Shushufindi1.jpg?id=34098) !important;}\u00bb mobile_bg_img_hidden=\u00bbno\u00bb tablet_bg_img_hidden=\u00bbno\u00bb woodmart_parallax=\u00bb1&#8243; woodmart_gradient_switch=\u00bbno\u00bb row_reverse_mobile=\u00bb0&#8243; row_reverse_tablet=\u00bb0&#8243; woodmart_disable_overflow=\u00bb0&#8243;\" \/>\n<meta property=\"og:url\" content=\"https:\/\/shushufindi.gob.ec\/sitio\/32870-2\/\" \/>\n<meta property=\"og:site_name\" content=\"Municipio del Cant\u00f3n Shushufindi\" \/>\n<meta property=\"article:modified_time\" content=\"2026-03-02T20:48:52+00:00\" \/>\n<meta name=\"twitter:card\" content=\"summary_large_image\" \/>\n<meta name=\"twitter:label1\" content=\"Tiempo de lectura\" \/>\n\t<meta name=\"twitter:data1\" content=\"11 minutos\" \/>\n<script type=\"application\/ld+json\" class=\"yoast-schema-graph\">{\"@context\":\"https:\/\/schema.org\",\"@graph\":[{\"@type\":\"WebPage\",\"@id\":\"https:\/\/shushufindi.gob.ec\/sitio\/32870-2\/\",\"url\":\"https:\/\/shushufindi.gob.ec\/sitio\/32870-2\/\",\"name\":\"LA ALCALD\u00cdA - Municipio del Cant\u00f3n Shushufindi\",\"isPartOf\":{\"@id\":\"https:\/\/shushufindi.gob.ec\/sitio\/#website\"},\"datePublished\":\"2025-04-07T16:33:27+00:00\",\"dateModified\":\"2026-03-02T20:48:52+00:00\",\"breadcrumb\":{\"@id\":\"https:\/\/shushufindi.gob.ec\/sitio\/32870-2\/#breadcrumb\"},\"inLanguage\":\"es\",\"potentialAction\":[{\"@type\":\"ReadAction\",\"target\":[\"https:\/\/shushufindi.gob.ec\/sitio\/32870-2\/\"]}]},{\"@type\":\"BreadcrumbList\",\"@id\":\"https:\/\/shushufindi.gob.ec\/sitio\/32870-2\/#breadcrumb\",\"itemListElement\":[{\"@type\":\"ListItem\",\"position\":1,\"name\":\"Portada\",\"item\":\"https:\/\/shushufindi.gob.ec\/sitio\/\"},{\"@type\":\"ListItem\",\"position\":2,\"name\":\"LA ALCALD\u00cdA\"}]},{\"@type\":\"WebSite\",\"@id\":\"https:\/\/shushufindi.gob.ec\/sitio\/#website\",\"url\":\"https:\/\/shushufindi.gob.ec\/sitio\/\",\"name\":\"Municipio del Cant\u00f3n Shushufindi\",\"description\":\"GAD Municipal\",\"publisher\":{\"@id\":\"https:\/\/shushufindi.gob.ec\/sitio\/#organization\"},\"potentialAction\":[{\"@type\":\"SearchAction\",\"target\":{\"@type\":\"EntryPoint\",\"urlTemplate\":\"https:\/\/shushufindi.gob.ec\/sitio\/?s={search_term_string}\"},\"query-input\":{\"@type\":\"PropertyValueSpecification\",\"valueRequired\":true,\"valueName\":\"search_term_string\"}}],\"inLanguage\":\"es\"},{\"@type\":\"Organization\",\"@id\":\"https:\/\/shushufindi.gob.ec\/sitio\/#organization\",\"name\":\"Municipio del Cant\u00f3n Shushufindi\",\"url\":\"https:\/\/shushufindi.gob.ec\/sitio\/\",\"logo\":{\"@type\":\"ImageObject\",\"inLanguage\":\"es\",\"@id\":\"https:\/\/shushufindi.gob.ec\/sitio\/#\/schema\/logo\/image\/\",\"url\":\"http:\/\/shushufindi.gob.ec\/sitio\/wp-content\/uploads\/2023\/10\/favicon.jpg\",\"contentUrl\":\"http:\/\/shushufindi.gob.ec\/sitio\/wp-content\/uploads\/2023\/10\/favicon.jpg\",\"width\":100,\"height\":97,\"caption\":\"Municipio del Cant\u00f3n Shushufindi\"},\"image\":{\"@id\":\"https:\/\/shushufindi.gob.ec\/sitio\/#\/schema\/logo\/image\/\"}}]}<\/script>\n<!-- \/ Yoast SEO plugin. -->","yoast_head_json":{"title":"LA ALCALD\u00cdA - Municipio del Cant\u00f3n Shushufindi","robots":{"index":"index","follow":"follow","max-snippet":"max-snippet:-1","max-image-preview":"max-image-preview:large","max-video-preview":"max-video-preview:-1"},"canonical":"https:\/\/shushufindi.gob.ec\/sitio\/32870-2\/","og_locale":"es_ES","og_type":"article","og_title":"LA ALCALD\u00cdA - Municipio del Cant\u00f3n Shushufindi","og_description":"[vc_row full_width=\u00bbstretch_row\u00bb content_placement=\u00bbbottom\u00bb woodmart_bg_position=\u00bbright-bottom\u00bb css=\u00bb.vc_custom_1772484522200{margin-top: -40px !important;margin-bottom: 10vh !important;padding-top: 30px !important;background-image: url(http:\/\/shushufindi.gob.ec\/sitio\/wp-content\/uploads\/2025\/08\/Shushufindi1.jpg?id=34098) !important;}\u00bb mobile_bg_img_hidden=\u00bbno\u00bb tablet_bg_img_hidden=\u00bbno\u00bb woodmart_parallax=\u00bb1&#8243; woodmart_gradient_switch=\u00bbno\u00bb row_reverse_mobile=\u00bb0&#8243; row_reverse_tablet=\u00bb0&#8243; woodmart_disable_overflow=\u00bb0&#8243;","og_url":"https:\/\/shushufindi.gob.ec\/sitio\/32870-2\/","og_site_name":"Municipio del Cant\u00f3n Shushufindi","article_modified_time":"2026-03-02T20:48:52+00:00","twitter_card":"summary_large_image","twitter_misc":{"Tiempo de lectura":"11 minutos"},"schema":{"@context":"https:\/\/schema.org","@graph":[{"@type":"WebPage","@id":"https:\/\/shushufindi.gob.ec\/sitio\/32870-2\/","url":"https:\/\/shushufindi.gob.ec\/sitio\/32870-2\/","name":"LA ALCALD\u00cdA - Municipio del Cant\u00f3n Shushufindi","isPartOf":{"@id":"https:\/\/shushufindi.gob.ec\/sitio\/#website"},"datePublished":"2025-04-07T16:33:27+00:00","dateModified":"2026-03-02T20:48:52+00:00","breadcrumb":{"@id":"https:\/\/shushufindi.gob.ec\/sitio\/32870-2\/#breadcrumb"},"inLanguage":"es","potentialAction":[{"@type":"ReadAction","target":["https:\/\/shushufindi.gob.ec\/sitio\/32870-2\/"]}]},{"@type":"BreadcrumbList","@id":"https:\/\/shushufindi.gob.ec\/sitio\/32870-2\/#breadcrumb","itemListElement":[{"@type":"ListItem","position":1,"name":"Portada","item":"https:\/\/shushufindi.gob.ec\/sitio\/"},{"@type":"ListItem","position":2,"name":"LA ALCALD\u00cdA"}]},{"@type":"WebSite","@id":"https:\/\/shushufindi.gob.ec\/sitio\/#website","url":"https:\/\/shushufindi.gob.ec\/sitio\/","name":"Municipio del Cant\u00f3n Shushufindi","description":"GAD Municipal","publisher":{"@id":"https:\/\/shushufindi.gob.ec\/sitio\/#organization"},"potentialAction":[{"@type":"SearchAction","target":{"@type":"EntryPoint","urlTemplate":"https:\/\/shushufindi.gob.ec\/sitio\/?s={search_term_string}"},"query-input":{"@type":"PropertyValueSpecification","valueRequired":true,"valueName":"search_term_string"}}],"inLanguage":"es"},{"@type":"Organization","@id":"https:\/\/shushufindi.gob.ec\/sitio\/#organization","name":"Municipio del Cant\u00f3n Shushufindi","url":"https:\/\/shushufindi.gob.ec\/sitio\/","logo":{"@type":"ImageObject","inLanguage":"es","@id":"https:\/\/shushufindi.gob.ec\/sitio\/#\/schema\/logo\/image\/","url":"http:\/\/shushufindi.gob.ec\/sitio\/wp-content\/uploads\/2023\/10\/favicon.jpg","contentUrl":"http:\/\/shushufindi.gob.ec\/sitio\/wp-content\/uploads\/2023\/10\/favicon.jpg","width":100,"height":97,"caption":"Municipio del Cant\u00f3n Shushufindi"},"image":{"@id":"https:\/\/shushufindi.gob.ec\/sitio\/#\/schema\/logo\/image\/"}}]}},"_links":{"self":[{"href":"https:\/\/shushufindi.gob.ec\/sitio\/wp-json\/wp\/v2\/pages\/32870","targetHints":{"allow":["GET"]}}],"collection":[{"href":"https:\/\/shushufindi.gob.ec\/sitio\/wp-json\/wp\/v2\/pages"}],"about":[{"href":"https:\/\/shushufindi.gob.ec\/sitio\/wp-json\/wp\/v2\/types\/page"}],"author":[{"embeddable":true,"href":"https:\/\/shushufindi.gob.ec\/sitio\/wp-json\/wp\/v2\/users\/19"}],"replies":[{"embeddable":true,"href":"https:\/\/shushufindi.gob.ec\/sitio\/wp-json\/wp\/v2\/comments?post=32870"}],"version-history":[{"count":46,"href":"https:\/\/shushufindi.gob.ec\/sitio\/wp-json\/wp\/v2\/pages\/32870\/revisions"}],"predecessor-version":[{"id":35054,"href":"https:\/\/shushufindi.gob.ec\/sitio\/wp-json\/wp\/v2\/pages\/32870\/revisions\/35054"}],"wp:attachment":[{"href":"https:\/\/shushufindi.gob.ec\/sitio\/wp-json\/wp\/v2\/media?parent=32870"}],"curies":[{"name":"wp","href":"https:\/\/api.w.org\/{rel}","templated":true}]}}